{"id":3735,"date":"2021-04-26T17:03:39","date_gmt":"2021-04-26T16:03:39","guid":{"rendered":"https:\/\/nunovalentim.com\/projecto\/albergues-nocturnos-do-porto\/"},"modified":"2021-04-26T17:03:39","modified_gmt":"2021-04-26T16:03:39","slug":"albergues-nocturnos-do-porto","status":"publish","type":"projecto","link":"https:\/\/nunovalentim.com\/en\/project\/albergues-nocturnos-do-porto\/","title":{"rendered":"Albergues Nocturnos do Porto"},"content":{"rendered":"<p>The building of the centenary Associa\u00e7\u00e3o dos Albergues Nocturnos do Porto is located in Rua M\u00e1rtires da Liberdade, in the centre of Porto. The building, despite not being classified, brings together numerous architectural values, linked to its urban integration, construction system, interior spatiality, the quality of its decorative elements and, naturally, the value of the use to which it is put.<\/p>\n<p>The preliminary programme assumed that the operation of this first-line social equipment for the homeless of the city would be maintained, seeking above all to improve reception conditions and slightly increase its capacity (from 60 to 75 users).<\/p>\n<p>Based on the diagnosis and preliminary programme, the project sought to correct the functional problems caused by inappropriate interventions over time; to improve the comfort levels of users (seeking the best possible use of the available space); and to resolve the pathologies diagnosed and their causes.<\/p>\n<p>Taking into account the values identified, a low intrusive intervention was proposed so as to guarantee the preservation of the existing structures in a good state of conservation, thus making it possible to speed up the rehabilitation operation and to contain the costs involved.<\/p>\n<p>A central aspect of the project was the relocation of the sanitary installations and infrastructures to the central area of the building (near the stairwell), freeing up the fa\u00e7ades entirely for spaces with uses that depend on natural lighting &#8211; allowing natural ventilation in a simpler way.<\/p>\n<p><iframe title=\"Albergues Noturnos do Porto\" width=\"800\" height=\"450\" src=\"https:\/\/www.youtube.com\/embed\/N4dW-4ZnSVw?feature=oembed\" frameborder=\"0\" allow=\"accelerometer; autoplay; clipboard-write; encrypted-media; gyroscope; picture-in-picture\" allowfullscreen><\/iframe><\/p>\n","protected":false},"excerpt":{"rendered":"<p>The building of the centenary Associa\u00e7\u00e3o dos Albergues Nocturnos do Porto is located in Rua M\u00e1rtires da Liberdade, in the centre of Porto. The building, despite not being classified, brings together numerous architectural values, linked to its urban integration, construction system, interior spatiality, the quality of its decorative elements and, naturally, the value of the [&hellip;]<\/p>\n","protected":false},"featured_media":0,"template":"","categories":[],"project_type":[38,46],"class_list":["post-3735","projecto","type-projecto","status-publish","hentry","project_type-equipments","project_type-rehabilitation"],"acf":[],"yoast_head":"<!-- This site is optimized with the Yoast SEO plugin v28.2 - https:\/\/yoast.com\/product\/yoast-seo-wordpress\/ -->\n<title>Albergues Nocturnos do Porto - NUNO VALENTIM ARQUITECTURA<\/title>\n<meta name=\"robots\" content=\"index, follow, max-snippet:-1, max-image-preview:large, max-video-preview:-1\" \/>\n<link rel=\"canonical\" href=\"https:\/\/nunovalentim.com\/en\/project\/albergues-nocturnos-do-porto\/\" \/>\n<meta property=\"og:locale\" content=\"en_US\" \/>\n<meta property=\"og:type\" content=\"article\" \/>\n<meta property=\"og:title\" content=\"Albergues Nocturnos do Porto - NUNO VALENTIM ARQUITECTURA\" \/>\n<meta property=\"og:description\" content=\"The building of the centenary Associa\u00e7\u00e3o dos Albergues Nocturnos do Porto is located in Rua M\u00e1rtires da Liberdade, in the centre of Porto. The building, despite not being classified, brings together numerous architectural values, linked to its urban integration, construction system, interior spatiality, the quality of its decorative elements and, naturally, the value of the [&hellip;]\" \/>\n<meta property=\"og:url\" content=\"https:\/\/nunovalentim.com\/en\/project\/albergues-nocturnos-do-porto\/\" \/>\n<meta property=\"og:site_name\" content=\"NUNO VALENTIM ARQUITECTURA\" \/>\n<meta name=\"twitter:card\" content=\"summary_large_image\" \/>\n<meta name=\"twitter:label1\" content=\"Est. reading time\" \/>\n\t<meta name=\"twitter:data1\" content=\"1 minute\" \/>\n<script type=\"application\/ld+json\" class=\"yoast-schema-graph\">{\"@context\":\"https:\\\/\\\/schema.org\",\"@graph\":[{\"@type\":\"WebPage\",\"@id\":\"https:\\\/\\\/nunovalentim.com\\\/en\\\/project\\\/albergues-nocturnos-do-porto\\\/\",\"url\":\"https:\\\/\\\/nunovalentim.com\\\/en\\\/project\\\/albergues-nocturnos-do-porto\\\/\",\"name\":\"Albergues Nocturnos do Porto - NUNO VALENTIM ARQUITECTURA\",\"isPartOf\":{\"@id\":\"https:\\\/\\\/nunovalentim.com\\\/#website\"},\"datePublished\":\"2021-04-26T16:03:39+00:00\",\"breadcrumb\":{\"@id\":\"https:\\\/\\\/nunovalentim.com\\\/en\\\/project\\\/albergues-nocturnos-do-porto\\\/#breadcrumb\"},\"inLanguage\":\"en-US\",\"potentialAction\":[{\"@type\":\"ReadAction\",\"target\":[\"https:\\\/\\\/nunovalentim.com\\\/en\\\/project\\\/albergues-nocturnos-do-porto\\\/\"]}]},{\"@type\":\"BreadcrumbList\",\"@id\":\"https:\\\/\\\/nunovalentim.com\\\/en\\\/project\\\/albergues-nocturnos-do-porto\\\/#breadcrumb\",\"itemListElement\":[{\"@type\":\"ListItem\",\"position\":1,\"name\":\"In\u00edcio\",\"item\":\"https:\\\/\\\/nunovalentim.com\\\/en\\\/home\\\/\"},{\"@type\":\"ListItem\",\"position\":2,\"name\":\"Projectos\",\"item\":\"https:\\\/\\\/nunovalentim.com\\\/en\\\/project\\\/\"},{\"@type\":\"ListItem\",\"position\":3,\"name\":\"Albergues Nocturnos do Porto\"}]},{\"@type\":\"WebSite\",\"@id\":\"https:\\\/\\\/nunovalentim.com\\\/#website\",\"url\":\"https:\\\/\\\/nunovalentim.com\\\/\",\"name\":\"NUNO VALENTIM ARQUITECTURA\",\"description\":\"Architectural strategies for complex realities. A Porto based atelier.\",\"potentialAction\":[{\"@type\":\"SearchAction\",\"target\":{\"@type\":\"EntryPoint\",\"urlTemplate\":\"https:\\\/\\\/nunovalentim.com\\\/?s={search_term_string}\"},\"query-input\":{\"@type\":\"PropertyValueSpecification\",\"valueRequired\":true,\"valueName\":\"search_term_string\"}}],\"inLanguage\":\"en-US\"}]}<\/script>\n<!-- \/ Yoast SEO plugin. -->","yoast_head_json":{"title":"Albergues Nocturnos do Porto - NUNO VALENTIM ARQUITECTURA","robots":{"index":"index","follow":"follow","max-snippet":"max-snippet:-1","max-image-preview":"max-image-preview:large","max-video-preview":"max-video-preview:-1"},"canonical":"https:\/\/nunovalentim.com\/en\/project\/albergues-nocturnos-do-porto\/","og_locale":"en_US","og_type":"article","og_title":"Albergues Nocturnos do Porto - NUNO VALENTIM ARQUITECTURA","og_description":"The building of the centenary Associa\u00e7\u00e3o dos Albergues Nocturnos do Porto is located in Rua M\u00e1rtires da Liberdade, in the centre of Porto. The building, despite not being classified, brings together numerous architectural values, linked to its urban integration, construction system, interior spatiality, the quality of its decorative elements and, naturally, the value of the [&hellip;]","og_url":"https:\/\/nunovalentim.com\/en\/project\/albergues-nocturnos-do-porto\/","og_site_name":"NUNO VALENTIM ARQUITECTURA","twitter_card":"summary_large_image","twitter_misc":{"Est. reading time":"1 minute"},"schema":{"@context":"https:\/\/schema.org","@graph":[{"@type":"WebPage","@id":"https:\/\/nunovalentim.com\/en\/project\/albergues-nocturnos-do-porto\/","url":"https:\/\/nunovalentim.com\/en\/project\/albergues-nocturnos-do-porto\/","name":"Albergues Nocturnos do Porto - NUNO VALENTIM ARQUITECTURA","isPartOf":{"@id":"https:\/\/nunovalentim.com\/#website"},"datePublished":"2021-04-26T16:03:39+00:00","breadcrumb":{"@id":"https:\/\/nunovalentim.com\/en\/project\/albergues-nocturnos-do-porto\/#breadcrumb"},"inLanguage":"en-US","potentialAction":[{"@type":"ReadAction","target":["https:\/\/nunovalentim.com\/en\/project\/albergues-nocturnos-do-porto\/"]}]},{"@type":"BreadcrumbList","@id":"https:\/\/nunovalentim.com\/en\/project\/albergues-nocturnos-do-porto\/#breadcrumb","itemListElement":[{"@type":"ListItem","position":1,"name":"In\u00edcio","item":"https:\/\/nunovalentim.com\/en\/home\/"},{"@type":"ListItem","position":2,"name":"Projectos","item":"https:\/\/nunovalentim.com\/en\/project\/"},{"@type":"ListItem","position":3,"name":"Albergues Nocturnos do Porto"}]},{"@type":"WebSite","@id":"https:\/\/nunovalentim.com\/#website","url":"https:\/\/nunovalentim.com\/","name":"NUNO VALENTIM ARQUITECTURA","description":"Architectural strategies for complex realities. A Porto based atelier.","potentialAction":[{"@type":"SearchAction","target":{"@type":"EntryPoint","urlTemplate":"https:\/\/nunovalentim.com\/?s={search_term_string}"},"query-input":{"@type":"PropertyValueSpecification","valueRequired":true,"valueName":"search_term_string"}}],"inLanguage":"en-US"}]}},"_links":{"self":[{"href":"https:\/\/nunovalentim.com\/en\/wp-json\/wp\/v2\/projecto\/3735","targetHints":{"allow":["GET"]}}],"collection":[{"href":"https:\/\/nunovalentim.com\/en\/wp-json\/wp\/v2\/projecto"}],"about":[{"href":"https:\/\/nunovalentim.com\/en\/wp-json\/wp\/v2\/types\/projecto"}],"wp:attachment":[{"href":"https:\/\/nunovalentim.com\/en\/wp-json\/wp\/v2\/media?parent=3735"}],"wp:term":[{"taxonomy":"category","embeddable":true,"href":"https:\/\/nunovalentim.com\/en\/wp-json\/wp\/v2\/categories?post=3735"},{"taxonomy":"project_type","embeddable":true,"href":"https:\/\/nunovalentim.com\/en\/wp-json\/wp\/v2\/project_type?post=3735"}],"curies":[{"name":"wp","href":"https:\/\/api.w.org\/{rel}","templated":true}]}}

<p>The building of the centenary Associação dos Albergues Nocturnos do Porto is located in Rua Mártires da Liberdade, in the centre of Porto. The building, despite not being classified, brings together numerous architectural values, linked to its urban integration, construction system, interior spatiality, the quality of its decorative elements and, naturally, the value of the use to which it is put.</p>
<p>The preliminary programme assumed that the operation of this first-line social equipment for the homeless of the city would be maintained, seeking above all to improve reception conditions and slightly increase its capacity (from 60 to 75 users).</p>
<p>Based on the diagnosis and preliminary programme, the project sought to correct the functional problems caused by inappropriate interventions over time; to improve the comfort levels of users (seeking the best possible use of the available space); and to resolve the pathologies diagnosed and their causes.</p>
<p>Taking into account the values identified, a low intrusive intervention was proposed so as to guarantee the preservation of the existing structures in a good state of conservation, thus making it possible to speed up the rehabilitation operation and to contain the costs involved.</p>
<p>A central aspect of the project was the relocation of the sanitary installations and infrastructures to the central area of the building (near the stairwell), freeing up the façades entirely for spaces with uses that depend on natural lighting &#8211; allowing natural ventilation in a simpler way.</p>
<p><iframe title="Albergues Noturnos do Porto" width="800" height="450" src="https://www.youtube.com/embed/N4dW-4ZnSVw?feature=oembed" frameborder="0" allow="accelerometer; autoplay; clipboard-write; encrypted-media; gyroscope; picture-in-picture" allowfullscreen></iframe></p>

<p>The building of the centenary Associação dos Albergues Nocturnos do Porto is located in Rua Mártires da Liberdade, in the centre of Porto. The building, despite not being classified, brings together numerous architectural values, linked to its urban integration, construction system, interior spatiality, the quality of its decorative elements and, naturally, the value of the [&hellip;]</p>

<!-- This site is optimized with the Yoast SEO plugin v28.2 - https://yoast.com/product/yoast-seo-wordpress/ -->
<title>Albergues Nocturnos do Porto - NUNO VALENTIM ARQUITECTURA</title>
<meta name="robots" content="index, follow, max-snippet:-1, max-image-preview:large, max-video-preview:-1" />
<link rel="canonical" href="https://nunovalentim.com/en/project/albergues-nocturnos-do-porto/" />
<meta property="og:locale" content="en_US" />
<meta property="og:type" content="article" />
<meta property="og:title" content="Albergues Nocturnos do Porto - NUNO VALENTIM ARQUITECTURA" />
<meta property="og:description" content="The building of the centenary Associação dos Albergues Nocturnos do Porto is located in Rua Mártires da Liberdade, in the centre of Porto. The building, despite not being classified, brings together numerous architectural values, linked to its urban integration, construction system, interior spatiality, the quality of its decorative elements and, naturally, the value of the [&hellip;]" />
<meta property="og:url" content="https://nunovalentim.com/en/project/albergues-nocturnos-do-porto/" />
<meta property="og:site_name" content="NUNO VALENTIM ARQUITECTURA" />
<meta name="twitter:card" content="summary_large_image" />
<meta name="twitter:label1" content="Est. reading time" />
	<meta name="twitter:data1" content="1 minute" />
<script type="application/ld+json" class="yoast-schema-graph">{"@context":"https:\/\/schema.org","@graph":[{"@type":"WebPage","@id":"https:\/\/nunovalentim.com\/en\/project\/albergues-nocturnos-do-porto\/","url":"https:\/\/nunovalentim.com\/en\/project\/albergues-nocturnos-do-porto\/","name":"Albergues Nocturnos do Porto - NUNO VALENTIM ARQUITECTURA","isPartOf":{"@id":"https:\/\/nunovalentim.com\/#website"},"datePublished":"2021-04-26T16:03:39+00:00","breadcrumb":{"@id":"https:\/\/nunovalentim.com\/en\/project\/albergues-nocturnos-do-porto\/#breadcrumb"},"inLanguage":"en-US","potentialAction":[{"@type":"ReadAction","target":["https:\/\/nunovalentim.com\/en\/project\/albergues-nocturnos-do-porto\/"]}]},{"@type":"BreadcrumbList","@id":"https:\/\/nunovalentim.com\/en\/project\/albergues-nocturnos-do-porto\/#breadcrumb","itemListElement":[{"@type":"ListItem","position":1,"name":"Início","item":"https:\/\/nunovalentim.com\/en\/home\/"},{"@type":"ListItem","position":2,"name":"Projectos","item":"https:\/\/nunovalentim.com\/en\/project\/"},{"@type":"ListItem","position":3,"name":"Albergues Nocturnos do Porto"}]},{"@type":"WebSite","@id":"https:\/\/nunovalentim.com\/#website","url":"https:\/\/nunovalentim.com\/","name":"NUNO VALENTIM ARQUITECTURA","description":"Architectural strategies for complex realities. A Porto based atelier.","potentialAction":[{"@type":"SearchAction","target":{"@type":"EntryPoint","urlTemplate":"https:\/\/nunovalentim.com\/?s={search_term_string}"},"query-input":{"@type":"PropertyValueSpecification","valueRequired":true,"valueName":"search_term_string"}}],"inLanguage":"en-US"}]}</script>
<!-- / Yoast SEO plugin. -->

The building of the centenary Associação dos Albergues Nocturnos do Porto is located in Rua Mártires da Liberdade, in the centre of Porto. The building, despite not being classified, brings together numerous architectural values, linked to its urban integration, construction system, interior spatiality, the quality of its decorative elements and, naturally, the value of the [&hellip;]

Início
