{"id":3741,"date":"2021-04-26T17:33:16","date_gmt":"2021-04-26T16:33:16","guid":{"rendered":"https:\/\/nunovalentim.com\/projecto\/cumn-antonio-nobrega-university-center\/"},"modified":"2024-03-06T11:18:23","modified_gmt":"2024-03-06T11:18:23","slug":"cumn-antonio-nobrega-university-center","status":"publish","type":"projecto","link":"https:\/\/nunovalentim.com\/en\/project\/cumn-antonio-nobrega-university-center\/","title":{"rendered":"CUMN, Ant\u00f3nio N\u00f3brega University Center"},"content":{"rendered":"<p>The house number 4 of Rua Almeida Garrett in Coimbra, is located in a central area of the city: near the Pra\u00e7a da Rep\u00fablica, next to the park of Quinta de Santa Cruz, now known as Jardim das Sereias, and over which the main fa\u00e7ade leans with the uniqueness that characterizes it.<\/p>\n<p>The Manuel da N\u00f3brega University Centre is dedicated to the daily occupation of students and has a remarkable number of users. It has study rooms and a library for students, a chapel with daily mass (with a high average attendance), offices for spiritual assistance, rooms for group meetings, rooms for pilgrims, a kitchen, a multi-purpose room in the extension body and a garden outside.<\/p>\n<p>The proposal sought above all to improve the conditions of habitability and comfort, preserving the numerous architectural values identified: from the construction system to the spatial quality, from the integration of decorative elements to the urban insertion itself. We have tried to preserve as much as possible the pre-existing typological and constructive identity, intervening with a critical spirit and trying, without mimicking, to propose a dialogue with the existing elements.<\/p>\n<p>The re-dimensioning of the spans on the back and the new extension allowed a new relationship between the dwelling and the garden, originally constrained by the differences in elevation of the land. Communication between the existing interior spaces was improved and the building&#8217;s comfort levels were updated with the integration of new infrastructure networks, essential for the conditions of functionality.<\/p>\n","protected":false},"excerpt":{"rendered":"<p>The house number 4 of Rua Almeida Garrett in Coimbra, is located in a central area of the city: near the Pra\u00e7a da Rep\u00fablica, next to the park of Quinta de Santa Cruz, now known as Jardim das Sereias, and over which the main fa\u00e7ade leans with the uniqueness that characterizes it. The Manuel da [&hellip;]<\/p>\n","protected":false},"featured_media":3306,"template":"","categories":[],"project_type":[38,46],"class_list":["post-3741","projecto","type-projecto","status-publish","has-post-thumbnail","hentry","project_type-equipments","project_type-rehabilitation"],"acf":[],"yoast_head":"<!-- This site is optimized with the Yoast SEO plugin v28.2 - https:\/\/yoast.com\/product\/yoast-seo-wordpress\/ -->\n<title>CUMN, Ant\u00f3nio N\u00f3brega University Center - NUNO VALENTIM ARQUITECTURA<\/title>\n<meta name=\"robots\" content=\"index, follow, max-snippet:-1, max-image-preview:large, max-video-preview:-1\" \/>\n<link rel=\"canonical\" href=\"https:\/\/nunovalentim.com\/en\/project\/cumn-antonio-nobrega-university-center\/\" \/>\n<meta property=\"og:locale\" content=\"en_US\" \/>\n<meta property=\"og:type\" content=\"article\" \/>\n<meta property=\"og:title\" content=\"CUMN, Ant\u00f3nio N\u00f3brega University Center - NUNO VALENTIM ARQUITECTURA\" \/>\n<meta property=\"og:description\" content=\"The house number 4 of Rua Almeida Garrett in Coimbra, is located in a central area of the city: near the Pra\u00e7a da Rep\u00fablica, next to the park of Quinta de Santa Cruz, now known as Jardim das Sereias, and over which the main fa\u00e7ade leans with the uniqueness that characterizes it. The Manuel da [&hellip;]\" \/>\n<meta property=\"og:url\" content=\"https:\/\/nunovalentim.com\/en\/project\/cumn-antonio-nobrega-university-center\/\" \/>\n<meta property=\"og:site_name\" content=\"NUNO VALENTIM ARQUITECTURA\" \/>\n<meta property=\"article:modified_time\" content=\"2024-03-06T11:18:23+00:00\" \/>\n<meta property=\"og:image\" content=\"https:\/\/nunovalentim.com\/wp-content\/uploads\/2020\/11\/NunoValentim_CUMN_JFFC275412-4p5-scaled.jpg\" \/>\n\t<meta property=\"og:image:width\" content=\"1760\" \/>\n\t<meta property=\"og:image:height\" content=\"2200\" \/>\n\t<meta property=\"og:image:type\" content=\"image\/jpeg\" \/>\n<meta name=\"twitter:card\" content=\"summary_large_image\" \/>\n<meta name=\"twitter:label1\" content=\"Est. reading time\" \/>\n\t<meta name=\"twitter:data1\" content=\"1 minute\" \/>\n<script type=\"application\/ld+json\" class=\"yoast-schema-graph\">{\"@context\":\"https:\\\/\\\/schema.org\",\"@graph\":[{\"@type\":\"WebPage\",\"@id\":\"https:\\\/\\\/nunovalentim.com\\\/en\\\/project\\\/cumn-antonio-nobrega-university-center\\\/\",\"url\":\"https:\\\/\\\/nunovalentim.com\\\/en\\\/project\\\/cumn-antonio-nobrega-university-center\\\/\",\"name\":\"CUMN, Ant\u00f3nio N\u00f3brega University Center - NUNO VALENTIM ARQUITECTURA\",\"isPartOf\":{\"@id\":\"https:\\\/\\\/nunovalentim.com\\\/#website\"},\"primaryImageOfPage\":{\"@id\":\"https:\\\/\\\/nunovalentim.com\\\/en\\\/project\\\/cumn-antonio-nobrega-university-center\\\/#primaryimage\"},\"image\":{\"@id\":\"https:\\\/\\\/nunovalentim.com\\\/en\\\/project\\\/cumn-antonio-nobrega-university-center\\\/#primaryimage\"},\"thumbnailUrl\":\"https:\\\/\\\/nunovalentim.com\\\/wp-content\\\/uploads\\\/2020\\\/11\\\/NunoValentim_CUMN_JFFC275412-4p5-scaled.jpg\",\"datePublished\":\"2021-04-26T16:33:16+00:00\",\"dateModified\":\"2024-03-06T11:18:23+00:00\",\"breadcrumb\":{\"@id\":\"https:\\\/\\\/nunovalentim.com\\\/en\\\/project\\\/cumn-antonio-nobrega-university-center\\\/#breadcrumb\"},\"inLanguage\":\"en-US\",\"potentialAction\":[{\"@type\":\"ReadAction\",\"target\":[\"https:\\\/\\\/nunovalentim.com\\\/en\\\/project\\\/cumn-antonio-nobrega-university-center\\\/\"]}]},{\"@type\":\"ImageObject\",\"inLanguage\":\"en-US\",\"@id\":\"https:\\\/\\\/nunovalentim.com\\\/en\\\/project\\\/cumn-antonio-nobrega-university-center\\\/#primaryimage\",\"url\":\"https:\\\/\\\/nunovalentim.com\\\/wp-content\\\/uploads\\\/2020\\\/11\\\/NunoValentim_CUMN_JFFC275412-4p5-scaled.jpg\",\"contentUrl\":\"https:\\\/\\\/nunovalentim.com\\\/wp-content\\\/uploads\\\/2020\\\/11\\\/NunoValentim_CUMN_JFFC275412-4p5-scaled.jpg\",\"width\":1760,\"height\":2200,\"caption\":\"Nuno Valentim CUMN Center Coimbra\"},{\"@type\":\"BreadcrumbList\",\"@id\":\"https:\\\/\\\/nunovalentim.com\\\/en\\\/project\\\/cumn-antonio-nobrega-university-center\\\/#breadcrumb\",\"itemListElement\":[{\"@type\":\"ListItem\",\"position\":1,\"name\":\"In\u00edcio\",\"item\":\"https:\\\/\\\/nunovalentim.com\\\/en\\\/home\\\/\"},{\"@type\":\"ListItem\",\"position\":2,\"name\":\"Projectos\",\"item\":\"https:\\\/\\\/nunovalentim.com\\\/en\\\/project\\\/\"},{\"@type\":\"ListItem\",\"position\":3,\"name\":\"CUMN, Ant\u00f3nio N\u00f3brega University Center\"}]},{\"@type\":\"WebSite\",\"@id\":\"https:\\\/\\\/nunovalentim.com\\\/#website\",\"url\":\"https:\\\/\\\/nunovalentim.com\\\/\",\"name\":\"NUNO VALENTIM ARQUITECTURA\",\"description\":\"Architectural strategies for complex realities. A Porto based atelier.\",\"potentialAction\":[{\"@type\":\"SearchAction\",\"target\":{\"@type\":\"EntryPoint\",\"urlTemplate\":\"https:\\\/\\\/nunovalentim.com\\\/?s={search_term_string}\"},\"query-input\":{\"@type\":\"PropertyValueSpecification\",\"valueRequired\":true,\"valueName\":\"search_term_string\"}}],\"inLanguage\":\"en-US\"}]}<\/script>\n<!-- \/ Yoast SEO plugin. -->","yoast_head_json":{"title":"CUMN, Ant\u00f3nio N\u00f3brega University Center - NUNO VALENTIM ARQUITECTURA","robots":{"index":"index","follow":"follow","max-snippet":"max-snippet:-1","max-image-preview":"max-image-preview:large","max-video-preview":"max-video-preview:-1"},"canonical":"https:\/\/nunovalentim.com\/en\/project\/cumn-antonio-nobrega-university-center\/","og_locale":"en_US","og_type":"article","og_title":"CUMN, Ant\u00f3nio N\u00f3brega University Center - NUNO VALENTIM ARQUITECTURA","og_description":"The house number 4 of Rua Almeida Garrett in Coimbra, is located in a central area of the city: near the Pra\u00e7a da Rep\u00fablica, next to the park of Quinta de Santa Cruz, now known as Jardim das Sereias, and over which the main fa\u00e7ade leans with the uniqueness that characterizes it. The Manuel da [&hellip;]","og_url":"https:\/\/nunovalentim.com\/en\/project\/cumn-antonio-nobrega-university-center\/","og_site_name":"NUNO VALENTIM ARQUITECTURA","article_modified_time":"2024-03-06T11:18:23+00:00","og_image":[{"width":1760,"height":2200,"url":"https:\/\/nunovalentim.com\/wp-content\/uploads\/2020\/11\/NunoValentim_CUMN_JFFC275412-4p5-scaled.jpg","type":"image\/jpeg"}],"twitter_card":"summary_large_image","twitter_misc":{"Est. reading time":"1 minute"},"schema":{"@context":"https:\/\/schema.org","@graph":[{"@type":"WebPage","@id":"https:\/\/nunovalentim.com\/en\/project\/cumn-antonio-nobrega-university-center\/","url":"https:\/\/nunovalentim.com\/en\/project\/cumn-antonio-nobrega-university-center\/","name":"CUMN, Ant\u00f3nio N\u00f3brega University Center - NUNO VALENTIM ARQUITECTURA","isPartOf":{"@id":"https:\/\/nunovalentim.com\/#website"},"primaryImageOfPage":{"@id":"https:\/\/nunovalentim.com\/en\/project\/cumn-antonio-nobrega-university-center\/#primaryimage"},"image":{"@id":"https:\/\/nunovalentim.com\/en\/project\/cumn-antonio-nobrega-university-center\/#primaryimage"},"thumbnailUrl":"https:\/\/nunovalentim.com\/wp-content\/uploads\/2020\/11\/NunoValentim_CUMN_JFFC275412-4p5-scaled.jpg","datePublished":"2021-04-26T16:33:16+00:00","dateModified":"2024-03-06T11:18:23+00:00","breadcrumb":{"@id":"https:\/\/nunovalentim.com\/en\/project\/cumn-antonio-nobrega-university-center\/#breadcrumb"},"inLanguage":"en-US","potentialAction":[{"@type":"ReadAction","target":["https:\/\/nunovalentim.com\/en\/project\/cumn-antonio-nobrega-university-center\/"]}]},{"@type":"ImageObject","inLanguage":"en-US","@id":"https:\/\/nunovalentim.com\/en\/project\/cumn-antonio-nobrega-university-center\/#primaryimage","url":"https:\/\/nunovalentim.com\/wp-content\/uploads\/2020\/11\/NunoValentim_CUMN_JFFC275412-4p5-scaled.jpg","contentUrl":"https:\/\/nunovalentim.com\/wp-content\/uploads\/2020\/11\/NunoValentim_CUMN_JFFC275412-4p5-scaled.jpg","width":1760,"height":2200,"caption":"Nuno Valentim CUMN Center Coimbra"},{"@type":"BreadcrumbList","@id":"https:\/\/nunovalentim.com\/en\/project\/cumn-antonio-nobrega-university-center\/#breadcrumb","itemListElement":[{"@type":"ListItem","position":1,"name":"In\u00edcio","item":"https:\/\/nunovalentim.com\/en\/home\/"},{"@type":"ListItem","position":2,"name":"Projectos","item":"https:\/\/nunovalentim.com\/en\/project\/"},{"@type":"ListItem","position":3,"name":"CUMN, Ant\u00f3nio N\u00f3brega University Center"}]},{"@type":"WebSite","@id":"https:\/\/nunovalentim.com\/#website","url":"https:\/\/nunovalentim.com\/","name":"NUNO VALENTIM ARQUITECTURA","description":"Architectural strategies for complex realities. A Porto based atelier.","potentialAction":[{"@type":"SearchAction","target":{"@type":"EntryPoint","urlTemplate":"https:\/\/nunovalentim.com\/?s={search_term_string}"},"query-input":{"@type":"PropertyValueSpecification","valueRequired":true,"valueName":"search_term_string"}}],"inLanguage":"en-US"}]}},"_links":{"self":[{"href":"https:\/\/nunovalentim.com\/en\/wp-json\/wp\/v2\/projecto\/3741","targetHints":{"allow":["GET"]}}],"collection":[{"href":"https:\/\/nunovalentim.com\/en\/wp-json\/wp\/v2\/projecto"}],"about":[{"href":"https:\/\/nunovalentim.com\/en\/wp-json\/wp\/v2\/types\/projecto"}],"wp:featuredmedia":[{"embeddable":true,"href":"https:\/\/nunovalentim.com\/en\/wp-json\/wp\/v2\/media\/3306"}],"wp:attachment":[{"href":"https:\/\/nunovalentim.com\/en\/wp-json\/wp\/v2\/media?parent=3741"}],"wp:term":[{"taxonomy":"category","embeddable":true,"href":"https:\/\/nunovalentim.com\/en\/wp-json\/wp\/v2\/categories?post=3741"},{"taxonomy":"project_type","embeddable":true,"href":"https:\/\/nunovalentim.com\/en\/wp-json\/wp\/v2\/project_type?post=3741"}],"curies":[{"name":"wp","href":"https:\/\/api.w.org\/{rel}","templated":true}]}}

CUMN, António Nóbrega University Center

<p>The house number 4 of Rua Almeida Garrett in Coimbra, is located in a central area of the city: near the Praça da República, next to the park of Quinta de Santa Cruz, now known as Jardim das Sereias, and over which the main façade leans with the uniqueness that characterizes it.</p>
<p>The Manuel da Nóbrega University Centre is dedicated to the daily occupation of students and has a remarkable number of users. It has study rooms and a library for students, a chapel with daily mass (with a high average attendance), offices for spiritual assistance, rooms for group meetings, rooms for pilgrims, a kitchen, a multi-purpose room in the extension body and a garden outside.</p>
<p>The proposal sought above all to improve the conditions of habitability and comfort, preserving the numerous architectural values identified: from the construction system to the spatial quality, from the integration of decorative elements to the urban insertion itself. We have tried to preserve as much as possible the pre-existing typological and constructive identity, intervening with a critical spirit and trying, without mimicking, to propose a dialogue with the existing elements.</p>
<p>The re-dimensioning of the spans on the back and the new extension allowed a new relationship between the dwelling and the garden, originally constrained by the differences in elevation of the land. Communication between the existing interior spaces was improved and the building&#8217;s comfort levels were updated with the integration of new infrastructure networks, essential for the conditions of functionality.</p>

<p>The house number 4 of Rua Almeida Garrett in Coimbra, is located in a central area of the city: near the Praça da República, next to the park of Quinta de Santa Cruz, now known as Jardim das Sereias, and over which the main façade leans with the uniqueness that characterizes it. The Manuel da [&hellip;]</p>

<!-- This site is optimized with the Yoast SEO plugin v28.2 - https://yoast.com/product/yoast-seo-wordpress/ -->
<title>CUMN, António Nóbrega University Center - NUNO VALENTIM ARQUITECTURA</title>
<meta name="robots" content="index, follow, max-snippet:-1, max-image-preview:large, max-video-preview:-1" />
<link rel="canonical" href="https://nunovalentim.com/en/project/cumn-antonio-nobrega-university-center/" />
<meta property="og:locale" content="en_US" />
<meta property="og:type" content="article" />
<meta property="og:title" content="CUMN, António Nóbrega University Center - NUNO VALENTIM ARQUITECTURA" />
<meta property="og:description" content="The house number 4 of Rua Almeida Garrett in Coimbra, is located in a central area of the city: near the Praça da República, next to the park of Quinta de Santa Cruz, now known as Jardim das Sereias, and over which the main façade leans with the uniqueness that characterizes it. The Manuel da [&hellip;]" />
<meta property="og:url" content="https://nunovalentim.com/en/project/cumn-antonio-nobrega-university-center/" />
<meta property="og:site_name" content="NUNO VALENTIM ARQUITECTURA" />
<meta property="article:modified_time" content="2024-03-06T11:18:23+00:00" />
<meta property="og:image" content="https://nunovalentim.com/wp-content/uploads/2020/11/NunoValentim_CUMN_JFFC275412-4p5-scaled.jpg" />
	<meta property="og:image:width" content="1760" />
	<meta property="og:image:height" content="2200" />
	<meta property="og:image:type" content="image/jpeg" />
<meta name="twitter:card" content="summary_large_image" />
<meta name="twitter:label1" content="Est. reading time" />
	<meta name="twitter:data1" content="1 minute" />
<script type="application/ld+json" class="yoast-schema-graph">{"@context":"https:\/\/schema.org","@graph":[{"@type":"WebPage","@id":"https:\/\/nunovalentim.com\/en\/project\/cumn-antonio-nobrega-university-center\/","url":"https:\/\/nunovalentim.com\/en\/project\/cumn-antonio-nobrega-university-center\/","name":"CUMN, António Nóbrega University Center - NUNO VALENTIM ARQUITECTURA","isPartOf":{"@id":"https:\/\/nunovalentim.com\/#website"},"primaryImageOfPage":{"@id":"https:\/\/nunovalentim.com\/en\/project\/cumn-antonio-nobrega-university-center\/#primaryimage"},"image":{"@id":"https:\/\/nunovalentim.com\/en\/project\/cumn-antonio-nobrega-university-center\/#primaryimage"},"thumbnailUrl":"https:\/\/nunovalentim.com\/wp-content\/uploads\/2020\/11\/NunoValentim_CUMN_JFFC275412-4p5-scaled.jpg","datePublished":"2021-04-26T16:33:16+00:00","dateModified":"2024-03-06T11:18:23+00:00","breadcrumb":{"@id":"https:\/\/nunovalentim.com\/en\/project\/cumn-antonio-nobrega-university-center\/#breadcrumb"},"inLanguage":"en-US","potentialAction":[{"@type":"ReadAction","target":["https:\/\/nunovalentim.com\/en\/project\/cumn-antonio-nobrega-university-center\/"]}]},{"@type":"ImageObject","inLanguage":"en-US","@id":"https:\/\/nunovalentim.com\/en\/project\/cumn-antonio-nobrega-university-center\/#primaryimage","url":"https:\/\/nunovalentim.com\/wp-content\/uploads\/2020\/11\/NunoValentim_CUMN_JFFC275412-4p5-scaled.jpg","contentUrl":"https:\/\/nunovalentim.com\/wp-content\/uploads\/2020\/11\/NunoValentim_CUMN_JFFC275412-4p5-scaled.jpg","width":1760,"height":2200,"caption":"Nuno Valentim CUMN Center Coimbra"},{"@type":"BreadcrumbList","@id":"https:\/\/nunovalentim.com\/en\/project\/cumn-antonio-nobrega-university-center\/#breadcrumb","itemListElement":[{"@type":"ListItem","position":1,"name":"Início","item":"https:\/\/nunovalentim.com\/en\/home\/"},{"@type":"ListItem","position":2,"name":"Projectos","item":"https:\/\/nunovalentim.com\/en\/project\/"},{"@type":"ListItem","position":3,"name":"CUMN, António Nóbrega University Center"}]},{"@type":"WebSite","@id":"https:\/\/nunovalentim.com\/#website","url":"https:\/\/nunovalentim.com\/","name":"NUNO VALENTIM ARQUITECTURA","description":"Architectural strategies for complex realities. A Porto based atelier.","potentialAction":[{"@type":"SearchAction","target":{"@type":"EntryPoint","urlTemplate":"https:\/\/nunovalentim.com\/?s={search_term_string}"},"query-input":{"@type":"PropertyValueSpecification","valueRequired":true,"valueName":"search_term_string"}}],"inLanguage":"en-US"}]}</script>
<!-- / Yoast SEO plugin. -->

CUMN, António Nóbrega University Center - NUNO VALENTIM ARQUITECTURA

The house number 4 of Rua Almeida Garrett in Coimbra, is located in a central area of the city: near the Praça da República, next to the park of Quinta de Santa Cruz, now known as Jardim das Sereias, and over which the main façade leans with the uniqueness that characterizes it. The Manuel da [&hellip;]

Início
