{"id":3742,"date":"2021-04-26T17:37:51","date_gmt":"2021-04-26T16:37:51","guid":{"rendered":"https:\/\/nunovalentim.com\/projecto\/welcoming-pavilion-lycee-francais-international-de-porto\/"},"modified":"2021-04-26T17:37:51","modified_gmt":"2021-04-26T16:37:51","slug":"welcoming-pavilion-lycee-francais-international-de-porto","status":"publish","type":"projecto","link":"https:\/\/nunovalentim.com\/en\/project\/welcoming-pavilion-lycee-francais-international-de-porto\/","title":{"rendered":"Welcoming Pavilion, Lyc\u00e9e Fran\u00e7ais International de Porto"},"content":{"rendered":"<p>The Lyc\u00e9e Fran\u00e7ais International de Porto is a remarkable building from the 60&#8217;s by the architects Manuel Marques Aguiar, Luiz Cunha and Jos\u00e9 Carvalho Dias.<\/p>\n<p>In Porto, it will be one of the most interesting school buildings of the 2nd half of the 20th century, set in unique landscaped surroundings &#8211; the Serralves Museum Park and Gardens.<\/p>\n<p>This new independent facility is designed for the reception and activities with younger children (pre-primary and primary).<\/p>\n<p>In an environment that is as affirmative as it is delicate, we have tried to ensure that the proposal is equally distant from the pre-existence &#8211; by its very implantation and its relationship with the topography &#8211; and attentive to the landscape framework. Thus, the equilateral triangular shape allows for distance from the existing buildings, and simultaneously, the use of concrete allows for its integration with the surrounding buildings (predominantly in concrete and exposed granite).<\/p>\n<p>The need to welcome the children prevailed over the temptation to open up excessively to the outside. The three fa\u00e7ades are geometrically identical, with a single opening at one end.<\/p>\n<p>Breaking up the continuity of the grey concrete surface, these punctual openings let the orange colour of the pavilion&#8217;s interior cladding shine through &#8211; surfaces for the students to take over with their work and activities. The movable panels (mirrored and white) allow the space to be transformed into an exercise room or projection room.<\/p>\n","protected":false},"excerpt":{"rendered":"<p>The Lyc\u00e9e Fran\u00e7ais International de Porto is a remarkable building from the 60&#8217;s by the architects Manuel Marques Aguiar, Luiz Cunha and Jos\u00e9 Carvalho Dias. In Porto, it will be one of the most interesting school buildings of the 2nd half of the 20th century, set in unique landscaped surroundings &#8211; the Serralves Museum Park [&hellip;]<\/p>\n","protected":false},"featured_media":3339,"template":"","categories":[],"project_type":[38],"class_list":["post-3742","projecto","type-projecto","status-publish","has-post-thumbnail","hentry","project_type-equipments"],"acf":[],"yoast_head":"<!-- This site is optimized with the Yoast SEO plugin v28.2 - https:\/\/yoast.com\/product\/yoast-seo-wordpress\/ -->\n<title>Welcoming Pavilion, Lyc\u00e9e Fran\u00e7ais International de Porto - NUNO VALENTIM ARQUITECTURA<\/title>\n<meta name=\"robots\" content=\"index, follow, max-snippet:-1, max-image-preview:large, max-video-preview:-1\" \/>\n<link rel=\"canonical\" href=\"https:\/\/nunovalentim.com\/en\/project\/welcoming-pavilion-lycee-francais-international-de-porto\/\" \/>\n<meta property=\"og:locale\" content=\"en_US\" \/>\n<meta property=\"og:type\" content=\"article\" \/>\n<meta property=\"og:title\" content=\"Welcoming Pavilion, Lyc\u00e9e Fran\u00e7ais International de Porto - NUNO VALENTIM ARQUITECTURA\" \/>\n<meta property=\"og:description\" content=\"The Lyc\u00e9e Fran\u00e7ais International de Porto is a remarkable building from the 60&#8217;s by the architects Manuel Marques Aguiar, Luiz Cunha and Jos\u00e9 Carvalho Dias. In Porto, it will be one of the most interesting school buildings of the 2nd half of the 20th century, set in unique landscaped surroundings &#8211; the Serralves Museum Park [&hellip;]\" \/>\n<meta property=\"og:url\" content=\"https:\/\/nunovalentim.com\/en\/project\/welcoming-pavilion-lycee-francais-international-de-porto\/\" \/>\n<meta property=\"og:site_name\" content=\"NUNO VALENTIM ARQUITECTURA\" \/>\n<meta property=\"og:image\" content=\"https:\/\/nunovalentim.com\/wp-content\/uploads\/2020\/11\/NunoValentim_LyceeFrancais_PavA-JFFC135790-4p9-scaled.jpg\" \/>\n\t<meta property=\"og:image:width\" content=\"1760\" \/>\n\t<meta property=\"og:image:height\" content=\"2200\" \/>\n\t<meta property=\"og:image:type\" content=\"image\/jpeg\" \/>\n<meta name=\"twitter:card\" content=\"summary_large_image\" \/>\n<meta name=\"twitter:label1\" content=\"Est. reading time\" \/>\n\t<meta name=\"twitter:data1\" content=\"1 minute\" \/>\n<script type=\"application\/ld+json\" class=\"yoast-schema-graph\">{\"@context\":\"https:\\\/\\\/schema.org\",\"@graph\":[{\"@type\":\"WebPage\",\"@id\":\"https:\\\/\\\/nunovalentim.com\\\/en\\\/project\\\/welcoming-pavilion-lycee-francais-international-de-porto\\\/\",\"url\":\"https:\\\/\\\/nunovalentim.com\\\/en\\\/project\\\/welcoming-pavilion-lycee-francais-international-de-porto\\\/\",\"name\":\"Welcoming Pavilion, Lyc\u00e9e Fran\u00e7ais International de Porto - NUNO VALENTIM ARQUITECTURA\",\"isPartOf\":{\"@id\":\"https:\\\/\\\/nunovalentim.com\\\/#website\"},\"primaryImageOfPage\":{\"@id\":\"https:\\\/\\\/nunovalentim.com\\\/en\\\/project\\\/welcoming-pavilion-lycee-francais-international-de-porto\\\/#primaryimage\"},\"image\":{\"@id\":\"https:\\\/\\\/nunovalentim.com\\\/en\\\/project\\\/welcoming-pavilion-lycee-francais-international-de-porto\\\/#primaryimage\"},\"thumbnailUrl\":\"https:\\\/\\\/nunovalentim.com\\\/wp-content\\\/uploads\\\/2020\\\/11\\\/NunoValentim_LyceeFrancais_PavA-JFFC135790-4p9-scaled.jpg\",\"datePublished\":\"2021-04-26T16:37:51+00:00\",\"breadcrumb\":{\"@id\":\"https:\\\/\\\/nunovalentim.com\\\/en\\\/project\\\/welcoming-pavilion-lycee-francais-international-de-porto\\\/#breadcrumb\"},\"inLanguage\":\"en-US\",\"potentialAction\":[{\"@type\":\"ReadAction\",\"target\":[\"https:\\\/\\\/nunovalentim.com\\\/en\\\/project\\\/welcoming-pavilion-lycee-francais-international-de-porto\\\/\"]}]},{\"@type\":\"ImageObject\",\"inLanguage\":\"en-US\",\"@id\":\"https:\\\/\\\/nunovalentim.com\\\/en\\\/project\\\/welcoming-pavilion-lycee-francais-international-de-porto\\\/#primaryimage\",\"url\":\"https:\\\/\\\/nunovalentim.com\\\/wp-content\\\/uploads\\\/2020\\\/11\\\/NunoValentim_LyceeFrancais_PavA-JFFC135790-4p9-scaled.jpg\",\"contentUrl\":\"https:\\\/\\\/nunovalentim.com\\\/wp-content\\\/uploads\\\/2020\\\/11\\\/NunoValentim_LyceeFrancais_PavA-JFFC135790-4p9-scaled.jpg\",\"width\":1760,\"height\":2200,\"caption\":\"Welcoming Pavilion, Lyc\u00e9e Fran\u00e7ais International de Porto\"},{\"@type\":\"BreadcrumbList\",\"@id\":\"https:\\\/\\\/nunovalentim.com\\\/en\\\/project\\\/welcoming-pavilion-lycee-francais-international-de-porto\\\/#breadcrumb\",\"itemListElement\":[{\"@type\":\"ListItem\",\"position\":1,\"name\":\"In\u00edcio\",\"item\":\"https:\\\/\\\/nunovalentim.com\\\/en\\\/home\\\/\"},{\"@type\":\"ListItem\",\"position\":2,\"name\":\"Projectos\",\"item\":\"https:\\\/\\\/nunovalentim.com\\\/en\\\/project\\\/\"},{\"@type\":\"ListItem\",\"position\":3,\"name\":\"Welcoming Pavilion, Lyc\u00e9e Fran\u00e7ais International de Porto\"}]},{\"@type\":\"WebSite\",\"@id\":\"https:\\\/\\\/nunovalentim.com\\\/#website\",\"url\":\"https:\\\/\\\/nunovalentim.com\\\/\",\"name\":\"NUNO VALENTIM ARQUITECTURA\",\"description\":\"Architectural strategies for complex realities. A Porto based atelier.\",\"potentialAction\":[{\"@type\":\"SearchAction\",\"target\":{\"@type\":\"EntryPoint\",\"urlTemplate\":\"https:\\\/\\\/nunovalentim.com\\\/?s={search_term_string}\"},\"query-input\":{\"@type\":\"PropertyValueSpecification\",\"valueRequired\":true,\"valueName\":\"search_term_string\"}}],\"inLanguage\":\"en-US\"}]}<\/script>\n<!-- \/ Yoast SEO plugin. -->","yoast_head_json":{"title":"Welcoming Pavilion, Lyc\u00e9e Fran\u00e7ais International de Porto - NUNO VALENTIM ARQUITECTURA","robots":{"index":"index","follow":"follow","max-snippet":"max-snippet:-1","max-image-preview":"max-image-preview:large","max-video-preview":"max-video-preview:-1"},"canonical":"https:\/\/nunovalentim.com\/en\/project\/welcoming-pavilion-lycee-francais-international-de-porto\/","og_locale":"en_US","og_type":"article","og_title":"Welcoming Pavilion, Lyc\u00e9e Fran\u00e7ais International de Porto - NUNO VALENTIM ARQUITECTURA","og_description":"The Lyc\u00e9e Fran\u00e7ais International de Porto is a remarkable building from the 60&#8217;s by the architects Manuel Marques Aguiar, Luiz Cunha and Jos\u00e9 Carvalho Dias. In Porto, it will be one of the most interesting school buildings of the 2nd half of the 20th century, set in unique landscaped surroundings &#8211; the Serralves Museum Park [&hellip;]","og_url":"https:\/\/nunovalentim.com\/en\/project\/welcoming-pavilion-lycee-francais-international-de-porto\/","og_site_name":"NUNO VALENTIM ARQUITECTURA","og_image":[{"width":1760,"height":2200,"url":"https:\/\/nunovalentim.com\/wp-content\/uploads\/2020\/11\/NunoValentim_LyceeFrancais_PavA-JFFC135790-4p9-scaled.jpg","type":"image\/jpeg"}],"twitter_card":"summary_large_image","twitter_misc":{"Est. reading time":"1 minute"},"schema":{"@context":"https:\/\/schema.org","@graph":[{"@type":"WebPage","@id":"https:\/\/nunovalentim.com\/en\/project\/welcoming-pavilion-lycee-francais-international-de-porto\/","url":"https:\/\/nunovalentim.com\/en\/project\/welcoming-pavilion-lycee-francais-international-de-porto\/","name":"Welcoming Pavilion, Lyc\u00e9e Fran\u00e7ais International de Porto - NUNO VALENTIM ARQUITECTURA","isPartOf":{"@id":"https:\/\/nunovalentim.com\/#website"},"primaryImageOfPage":{"@id":"https:\/\/nunovalentim.com\/en\/project\/welcoming-pavilion-lycee-francais-international-de-porto\/#primaryimage"},"image":{"@id":"https:\/\/nunovalentim.com\/en\/project\/welcoming-pavilion-lycee-francais-international-de-porto\/#primaryimage"},"thumbnailUrl":"https:\/\/nunovalentim.com\/wp-content\/uploads\/2020\/11\/NunoValentim_LyceeFrancais_PavA-JFFC135790-4p9-scaled.jpg","datePublished":"2021-04-26T16:37:51+00:00","breadcrumb":{"@id":"https:\/\/nunovalentim.com\/en\/project\/welcoming-pavilion-lycee-francais-international-de-porto\/#breadcrumb"},"inLanguage":"en-US","potentialAction":[{"@type":"ReadAction","target":["https:\/\/nunovalentim.com\/en\/project\/welcoming-pavilion-lycee-francais-international-de-porto\/"]}]},{"@type":"ImageObject","inLanguage":"en-US","@id":"https:\/\/nunovalentim.com\/en\/project\/welcoming-pavilion-lycee-francais-international-de-porto\/#primaryimage","url":"https:\/\/nunovalentim.com\/wp-content\/uploads\/2020\/11\/NunoValentim_LyceeFrancais_PavA-JFFC135790-4p9-scaled.jpg","contentUrl":"https:\/\/nunovalentim.com\/wp-content\/uploads\/2020\/11\/NunoValentim_LyceeFrancais_PavA-JFFC135790-4p9-scaled.jpg","width":1760,"height":2200,"caption":"Welcoming Pavilion, Lyc\u00e9e Fran\u00e7ais International de Porto"},{"@type":"BreadcrumbList","@id":"https:\/\/nunovalentim.com\/en\/project\/welcoming-pavilion-lycee-francais-international-de-porto\/#breadcrumb","itemListElement":[{"@type":"ListItem","position":1,"name":"In\u00edcio","item":"https:\/\/nunovalentim.com\/en\/home\/"},{"@type":"ListItem","position":2,"name":"Projectos","item":"https:\/\/nunovalentim.com\/en\/project\/"},{"@type":"ListItem","position":3,"name":"Welcoming Pavilion, Lyc\u00e9e Fran\u00e7ais International de Porto"}]},{"@type":"WebSite","@id":"https:\/\/nunovalentim.com\/#website","url":"https:\/\/nunovalentim.com\/","name":"NUNO VALENTIM ARQUITECTURA","description":"Architectural strategies for complex realities. A Porto based atelier.","potentialAction":[{"@type":"SearchAction","target":{"@type":"EntryPoint","urlTemplate":"https:\/\/nunovalentim.com\/?s={search_term_string}"},"query-input":{"@type":"PropertyValueSpecification","valueRequired":true,"valueName":"search_term_string"}}],"inLanguage":"en-US"}]}},"_links":{"self":[{"href":"https:\/\/nunovalentim.com\/en\/wp-json\/wp\/v2\/projecto\/3742","targetHints":{"allow":["GET"]}}],"collection":[{"href":"https:\/\/nunovalentim.com\/en\/wp-json\/wp\/v2\/projecto"}],"about":[{"href":"https:\/\/nunovalentim.com\/en\/wp-json\/wp\/v2\/types\/projecto"}],"wp:featuredmedia":[{"embeddable":true,"href":"https:\/\/nunovalentim.com\/en\/wp-json\/wp\/v2\/media\/3339"}],"wp:attachment":[{"href":"https:\/\/nunovalentim.com\/en\/wp-json\/wp\/v2\/media?parent=3742"}],"wp:term":[{"taxonomy":"category","embeddable":true,"href":"https:\/\/nunovalentim.com\/en\/wp-json\/wp\/v2\/categories?post=3742"},{"taxonomy":"project_type","embeddable":true,"href":"https:\/\/nunovalentim.com\/en\/wp-json\/wp\/v2\/project_type?post=3742"}],"curies":[{"name":"wp","href":"https:\/\/api.w.org\/{rel}","templated":true}]}}

Welcoming Pavilion, Lycée Français International de Porto

<p>The Lycée Français International de Porto is a remarkable building from the 60&#8217;s by the architects Manuel Marques Aguiar, Luiz Cunha and José Carvalho Dias.</p>
<p>In Porto, it will be one of the most interesting school buildings of the 2nd half of the 20th century, set in unique landscaped surroundings &#8211; the Serralves Museum Park and Gardens.</p>
<p>This new independent facility is designed for the reception and activities with younger children (pre-primary and primary).</p>
<p>In an environment that is as affirmative as it is delicate, we have tried to ensure that the proposal is equally distant from the pre-existence &#8211; by its very implantation and its relationship with the topography &#8211; and attentive to the landscape framework. Thus, the equilateral triangular shape allows for distance from the existing buildings, and simultaneously, the use of concrete allows for its integration with the surrounding buildings (predominantly in concrete and exposed granite).</p>
<p>The need to welcome the children prevailed over the temptation to open up excessively to the outside. The three façades are geometrically identical, with a single opening at one end.</p>
<p>Breaking up the continuity of the grey concrete surface, these punctual openings let the orange colour of the pavilion&#8217;s interior cladding shine through &#8211; surfaces for the students to take over with their work and activities. The movable panels (mirrored and white) allow the space to be transformed into an exercise room or projection room.</p>

<p>The Lycée Français International de Porto is a remarkable building from the 60&#8217;s by the architects Manuel Marques Aguiar, Luiz Cunha and José Carvalho Dias. In Porto, it will be one of the most interesting school buildings of the 2nd half of the 20th century, set in unique landscaped surroundings &#8211; the Serralves Museum Park [&hellip;]</p>

<!-- This site is optimized with the Yoast SEO plugin v28.2 - https://yoast.com/product/yoast-seo-wordpress/ -->
<title>Welcoming Pavilion, Lycée Français International de Porto - NUNO VALENTIM ARQUITECTURA</title>
<meta name="robots" content="index, follow, max-snippet:-1, max-image-preview:large, max-video-preview:-1" />
<link rel="canonical" href="https://nunovalentim.com/en/project/welcoming-pavilion-lycee-francais-international-de-porto/" />
<meta property="og:locale" content="en_US" />
<meta property="og:type" content="article" />
<meta property="og:title" content="Welcoming Pavilion, Lycée Français International de Porto - NUNO VALENTIM ARQUITECTURA" />
<meta property="og:description" content="The Lycée Français International de Porto is a remarkable building from the 60&#8217;s by the architects Manuel Marques Aguiar, Luiz Cunha and José Carvalho Dias. In Porto, it will be one of the most interesting school buildings of the 2nd half of the 20th century, set in unique landscaped surroundings &#8211; the Serralves Museum Park [&hellip;]" />
<meta property="og:url" content="https://nunovalentim.com/en/project/welcoming-pavilion-lycee-francais-international-de-porto/" />
<meta property="og:site_name" content="NUNO VALENTIM ARQUITECTURA" />
<meta property="og:image" content="https://nunovalentim.com/wp-content/uploads/2020/11/NunoValentim_LyceeFrancais_PavA-JFFC135790-4p9-scaled.jpg" />
	<meta property="og:image:width" content="1760" />
	<meta property="og:image:height" content="2200" />
	<meta property="og:image:type" content="image/jpeg" />
<meta name="twitter:card" content="summary_large_image" />
<meta name="twitter:label1" content="Est. reading time" />
	<meta name="twitter:data1" content="1 minute" />
<script type="application/ld+json" class="yoast-schema-graph">{"@context":"https:\/\/schema.org","@graph":[{"@type":"WebPage","@id":"https:\/\/nunovalentim.com\/en\/project\/welcoming-pavilion-lycee-francais-international-de-porto\/","url":"https:\/\/nunovalentim.com\/en\/project\/welcoming-pavilion-lycee-francais-international-de-porto\/","name":"Welcoming Pavilion, Lycée Français International de Porto - NUNO VALENTIM ARQUITECTURA","isPartOf":{"@id":"https:\/\/nunovalentim.com\/#website"},"primaryImageOfPage":{"@id":"https:\/\/nunovalentim.com\/en\/project\/welcoming-pavilion-lycee-francais-international-de-porto\/#primaryimage"},"image":{"@id":"https:\/\/nunovalentim.com\/en\/project\/welcoming-pavilion-lycee-francais-international-de-porto\/#primaryimage"},"thumbnailUrl":"https:\/\/nunovalentim.com\/wp-content\/uploads\/2020\/11\/NunoValentim_LyceeFrancais_PavA-JFFC135790-4p9-scaled.jpg","datePublished":"2021-04-26T16:37:51+00:00","breadcrumb":{"@id":"https:\/\/nunovalentim.com\/en\/project\/welcoming-pavilion-lycee-francais-international-de-porto\/#breadcrumb"},"inLanguage":"en-US","potentialAction":[{"@type":"ReadAction","target":["https:\/\/nunovalentim.com\/en\/project\/welcoming-pavilion-lycee-francais-international-de-porto\/"]}]},{"@type":"ImageObject","inLanguage":"en-US","@id":"https:\/\/nunovalentim.com\/en\/project\/welcoming-pavilion-lycee-francais-international-de-porto\/#primaryimage","url":"https:\/\/nunovalentim.com\/wp-content\/uploads\/2020\/11\/NunoValentim_LyceeFrancais_PavA-JFFC135790-4p9-scaled.jpg","contentUrl":"https:\/\/nunovalentim.com\/wp-content\/uploads\/2020\/11\/NunoValentim_LyceeFrancais_PavA-JFFC135790-4p9-scaled.jpg","width":1760,"height":2200,"caption":"Welcoming Pavilion, Lycée Français International de Porto"},{"@type":"BreadcrumbList","@id":"https:\/\/nunovalentim.com\/en\/project\/welcoming-pavilion-lycee-francais-international-de-porto\/#breadcrumb","itemListElement":[{"@type":"ListItem","position":1,"name":"Início","item":"https:\/\/nunovalentim.com\/en\/home\/"},{"@type":"ListItem","position":2,"name":"Projectos","item":"https:\/\/nunovalentim.com\/en\/project\/"},{"@type":"ListItem","position":3,"name":"Welcoming Pavilion, Lycée Français International de Porto"}]},{"@type":"WebSite","@id":"https:\/\/nunovalentim.com\/#website","url":"https:\/\/nunovalentim.com\/","name":"NUNO VALENTIM ARQUITECTURA","description":"Architectural strategies for complex realities. A Porto based atelier.","potentialAction":[{"@type":"SearchAction","target":{"@type":"EntryPoint","urlTemplate":"https:\/\/nunovalentim.com\/?s={search_term_string}"},"query-input":{"@type":"PropertyValueSpecification","valueRequired":true,"valueName":"search_term_string"}}],"inLanguage":"en-US"}]}</script>
<!-- / Yoast SEO plugin. -->

Welcoming Pavilion, Lycée Français International de Porto - NUNO VALENTIM ARQUITECTURA

The Lycée Français International de Porto is a remarkable building from the 60&#8217;s by the architects Manuel Marques Aguiar, Luiz Cunha and José Carvalho Dias. In Porto, it will be one of the most interesting school buildings of the 2nd half of the 20th century, set in unique landscaped surroundings &#8211; the Serralves Museum Park [&hellip;]

Início
