{"id":3747,"date":"2021-04-26T17:49:11","date_gmt":"2021-04-26T16:49:11","guid":{"rendered":"https:\/\/nunovalentim.com\/projecto\/rehabilitation-of-palacio-da-bolsa\/"},"modified":"2021-04-26T17:49:12","modified_gmt":"2021-04-26T16:49:12","slug":"rehabilitation-of-palacio-da-bolsa","status":"publish","type":"projecto","link":"https:\/\/nunovalentim.com\/en\/project\/rehabilitation-of-palacio-da-bolsa\/","title":{"rendered":"Rehabilitation of Pal\u00e1cio da Bolsa"},"content":{"rendered":"<p>Rehabilitation of the roof of the P\u00e1tio das Na\u00e7\u00f5es of the Pal\u00e1cio da Bolsa&#8230;<\/p>\n<p>The rehabilitation of the glazed roof of the P\u00e1tio das Na\u00e7\u00f5es is part of a wider rehabilitation operation of the roofs and fa\u00e7ades of the Oporto Bolsa Palace, carried out by the Porto Trade Association in 2006\/7. The P\u00e1tio das Na\u00e7\u00f5es occupies a central place in the organisation of the building.<\/p>\n<p>This roof has suffered several interventions over time which, among other effects, have removed luminosity, made access\/cleaning difficult and introduced dissonant elements.<\/p>\n<p>The work carried out on the glazed roof was intended to provide P\u00e1tio das Na\u00e7\u00f5es with adequate luminosity and performance in terms of watertightness, solar control, ventilation and control of condensation. A manually or automatically controlled ventilation system was also installed in association with the roof ventilation\/lighting panels, in order to control hygrothermal conditions and minimise the risk of condensation and overheating in summer.<\/p>\n","protected":false},"excerpt":{"rendered":"<p>Rehabilitation of the roof of the P\u00e1tio das Na\u00e7\u00f5es of the Pal\u00e1cio da Bolsa&#8230; The rehabilitation of the glazed roof of the P\u00e1tio das Na\u00e7\u00f5es is part of a wider rehabilitation operation of the roofs and fa\u00e7ades of the Oporto Bolsa Palace, carried out by the Porto Trade Association in 2006\/7. The P\u00e1tio das Na\u00e7\u00f5es [&hellip;]<\/p>\n","protected":false},"featured_media":2221,"template":"","categories":[],"project_type":[38,46],"class_list":["post-3747","projecto","type-projecto","status-publish","has-post-thumbnail","hentry","project_type-equipments","project_type-rehabilitation"],"acf":[],"yoast_head":"<!-- This site is optimized with the Yoast SEO plugin v28.2 - https:\/\/yoast.com\/product\/yoast-seo-wordpress\/ -->\n<title>Rehabilitation of Pal\u00e1cio da Bolsa - NUNO VALENTIM ARQUITECTURA<\/title>\n<meta name=\"robots\" content=\"index, follow, max-snippet:-1, max-image-preview:large, max-video-preview:-1\" \/>\n<link rel=\"canonical\" href=\"https:\/\/nunovalentim.com\/en\/project\/rehabilitation-of-palacio-da-bolsa\/\" \/>\n<meta property=\"og:locale\" content=\"en_US\" \/>\n<meta property=\"og:type\" content=\"article\" \/>\n<meta property=\"og:title\" content=\"Rehabilitation of Pal\u00e1cio da Bolsa - NUNO VALENTIM ARQUITECTURA\" \/>\n<meta property=\"og:description\" content=\"Rehabilitation of the roof of the P\u00e1tio das Na\u00e7\u00f5es of the Pal\u00e1cio da Bolsa&#8230; The rehabilitation of the glazed roof of the P\u00e1tio das Na\u00e7\u00f5es is part of a wider rehabilitation operation of the roofs and fa\u00e7ades of the Oporto Bolsa Palace, carried out by the Porto Trade Association in 2006\/7. The P\u00e1tio das Na\u00e7\u00f5es [&hellip;]\" \/>\n<meta property=\"og:url\" content=\"https:\/\/nunovalentim.com\/en\/project\/rehabilitation-of-palacio-da-bolsa\/\" \/>\n<meta property=\"og:site_name\" content=\"NUNO VALENTIM ARQUITECTURA\" \/>\n<meta property=\"article:modified_time\" content=\"2021-04-26T16:49:12+00:00\" \/>\n<meta property=\"og:image\" content=\"https:\/\/nunovalentim.com\/wp-content\/uploads\/2020\/11\/NunoValentim_Bolsa_LFA_20070510_06maquete121-156-5-scaled.jpg\" \/>\n\t<meta property=\"og:image:width\" content=\"2560\" \/>\n\t<meta property=\"og:image:height\" content=\"1707\" \/>\n\t<meta property=\"og:image:type\" content=\"image\/jpeg\" \/>\n<meta name=\"twitter:card\" content=\"summary_large_image\" \/>\n<meta name=\"twitter:label1\" content=\"Est. reading time\" \/>\n\t<meta name=\"twitter:data1\" content=\"1 minute\" \/>\n<script type=\"application\/ld+json\" class=\"yoast-schema-graph\">{\"@context\":\"https:\\\/\\\/schema.org\",\"@graph\":[{\"@type\":\"WebPage\",\"@id\":\"https:\\\/\\\/nunovalentim.com\\\/en\\\/project\\\/rehabilitation-of-palacio-da-bolsa\\\/\",\"url\":\"https:\\\/\\\/nunovalentim.com\\\/en\\\/project\\\/rehabilitation-of-palacio-da-bolsa\\\/\",\"name\":\"Rehabilitation of Pal\u00e1cio da Bolsa - NUNO VALENTIM ARQUITECTURA\",\"isPartOf\":{\"@id\":\"https:\\\/\\\/nunovalentim.com\\\/#website\"},\"primaryImageOfPage\":{\"@id\":\"https:\\\/\\\/nunovalentim.com\\\/en\\\/project\\\/rehabilitation-of-palacio-da-bolsa\\\/#primaryimage\"},\"image\":{\"@id\":\"https:\\\/\\\/nunovalentim.com\\\/en\\\/project\\\/rehabilitation-of-palacio-da-bolsa\\\/#primaryimage\"},\"thumbnailUrl\":\"https:\\\/\\\/nunovalentim.com\\\/wp-content\\\/uploads\\\/2020\\\/11\\\/NunoValentim_Bolsa_LFA_20070510_06maquete121-156-5-scaled.jpg\",\"datePublished\":\"2021-04-26T16:49:11+00:00\",\"dateModified\":\"2021-04-26T16:49:12+00:00\",\"breadcrumb\":{\"@id\":\"https:\\\/\\\/nunovalentim.com\\\/en\\\/project\\\/rehabilitation-of-palacio-da-bolsa\\\/#breadcrumb\"},\"inLanguage\":\"en-US\",\"potentialAction\":[{\"@type\":\"ReadAction\",\"target\":[\"https:\\\/\\\/nunovalentim.com\\\/en\\\/project\\\/rehabilitation-of-palacio-da-bolsa\\\/\"]}]},{\"@type\":\"ImageObject\",\"inLanguage\":\"en-US\",\"@id\":\"https:\\\/\\\/nunovalentim.com\\\/en\\\/project\\\/rehabilitation-of-palacio-da-bolsa\\\/#primaryimage\",\"url\":\"https:\\\/\\\/nunovalentim.com\\\/wp-content\\\/uploads\\\/2020\\\/11\\\/NunoValentim_Bolsa_LFA_20070510_06maquete121-156-5-scaled.jpg\",\"contentUrl\":\"https:\\\/\\\/nunovalentim.com\\\/wp-content\\\/uploads\\\/2020\\\/11\\\/NunoValentim_Bolsa_LFA_20070510_06maquete121-156-5-scaled.jpg\",\"width\":2560,\"height\":1707},{\"@type\":\"BreadcrumbList\",\"@id\":\"https:\\\/\\\/nunovalentim.com\\\/en\\\/project\\\/rehabilitation-of-palacio-da-bolsa\\\/#breadcrumb\",\"itemListElement\":[{\"@type\":\"ListItem\",\"position\":1,\"name\":\"In\u00edcio\",\"item\":\"https:\\\/\\\/nunovalentim.com\\\/en\\\/home\\\/\"},{\"@type\":\"ListItem\",\"position\":2,\"name\":\"Projectos\",\"item\":\"https:\\\/\\\/nunovalentim.com\\\/en\\\/project\\\/\"},{\"@type\":\"ListItem\",\"position\":3,\"name\":\"Rehabilitation of Pal\u00e1cio da Bolsa\"}]},{\"@type\":\"WebSite\",\"@id\":\"https:\\\/\\\/nunovalentim.com\\\/#website\",\"url\":\"https:\\\/\\\/nunovalentim.com\\\/\",\"name\":\"NUNO VALENTIM ARQUITECTURA\",\"description\":\"Architectural strategies for complex realities. A Porto based atelier.\",\"potentialAction\":[{\"@type\":\"SearchAction\",\"target\":{\"@type\":\"EntryPoint\",\"urlTemplate\":\"https:\\\/\\\/nunovalentim.com\\\/?s={search_term_string}\"},\"query-input\":{\"@type\":\"PropertyValueSpecification\",\"valueRequired\":true,\"valueName\":\"search_term_string\"}}],\"inLanguage\":\"en-US\"}]}<\/script>\n<!-- \/ Yoast SEO plugin. -->","yoast_head_json":{"title":"Rehabilitation of Pal\u00e1cio da Bolsa - NUNO VALENTIM ARQUITECTURA","robots":{"index":"index","follow":"follow","max-snippet":"max-snippet:-1","max-image-preview":"max-image-preview:large","max-video-preview":"max-video-preview:-1"},"canonical":"https:\/\/nunovalentim.com\/en\/project\/rehabilitation-of-palacio-da-bolsa\/","og_locale":"en_US","og_type":"article","og_title":"Rehabilitation of Pal\u00e1cio da Bolsa - NUNO VALENTIM ARQUITECTURA","og_description":"Rehabilitation of the roof of the P\u00e1tio das Na\u00e7\u00f5es of the Pal\u00e1cio da Bolsa&#8230; The rehabilitation of the glazed roof of the P\u00e1tio das Na\u00e7\u00f5es is part of a wider rehabilitation operation of the roofs and fa\u00e7ades of the Oporto Bolsa Palace, carried out by the Porto Trade Association in 2006\/7. The P\u00e1tio das Na\u00e7\u00f5es [&hellip;]","og_url":"https:\/\/nunovalentim.com\/en\/project\/rehabilitation-of-palacio-da-bolsa\/","og_site_name":"NUNO VALENTIM ARQUITECTURA","article_modified_time":"2021-04-26T16:49:12+00:00","og_image":[{"width":2560,"height":1707,"url":"https:\/\/nunovalentim.com\/wp-content\/uploads\/2020\/11\/NunoValentim_Bolsa_LFA_20070510_06maquete121-156-5-scaled.jpg","type":"image\/jpeg"}],"twitter_card":"summary_large_image","twitter_misc":{"Est. reading time":"1 minute"},"schema":{"@context":"https:\/\/schema.org","@graph":[{"@type":"WebPage","@id":"https:\/\/nunovalentim.com\/en\/project\/rehabilitation-of-palacio-da-bolsa\/","url":"https:\/\/nunovalentim.com\/en\/project\/rehabilitation-of-palacio-da-bolsa\/","name":"Rehabilitation of Pal\u00e1cio da Bolsa - NUNO VALENTIM ARQUITECTURA","isPartOf":{"@id":"https:\/\/nunovalentim.com\/#website"},"primaryImageOfPage":{"@id":"https:\/\/nunovalentim.com\/en\/project\/rehabilitation-of-palacio-da-bolsa\/#primaryimage"},"image":{"@id":"https:\/\/nunovalentim.com\/en\/project\/rehabilitation-of-palacio-da-bolsa\/#primaryimage"},"thumbnailUrl":"https:\/\/nunovalentim.com\/wp-content\/uploads\/2020\/11\/NunoValentim_Bolsa_LFA_20070510_06maquete121-156-5-scaled.jpg","datePublished":"2021-04-26T16:49:11+00:00","dateModified":"2021-04-26T16:49:12+00:00","breadcrumb":{"@id":"https:\/\/nunovalentim.com\/en\/project\/rehabilitation-of-palacio-da-bolsa\/#breadcrumb"},"inLanguage":"en-US","potentialAction":[{"@type":"ReadAction","target":["https:\/\/nunovalentim.com\/en\/project\/rehabilitation-of-palacio-da-bolsa\/"]}]},{"@type":"ImageObject","inLanguage":"en-US","@id":"https:\/\/nunovalentim.com\/en\/project\/rehabilitation-of-palacio-da-bolsa\/#primaryimage","url":"https:\/\/nunovalentim.com\/wp-content\/uploads\/2020\/11\/NunoValentim_Bolsa_LFA_20070510_06maquete121-156-5-scaled.jpg","contentUrl":"https:\/\/nunovalentim.com\/wp-content\/uploads\/2020\/11\/NunoValentim_Bolsa_LFA_20070510_06maquete121-156-5-scaled.jpg","width":2560,"height":1707},{"@type":"BreadcrumbList","@id":"https:\/\/nunovalentim.com\/en\/project\/rehabilitation-of-palacio-da-bolsa\/#breadcrumb","itemListElement":[{"@type":"ListItem","position":1,"name":"In\u00edcio","item":"https:\/\/nunovalentim.com\/en\/home\/"},{"@type":"ListItem","position":2,"name":"Projectos","item":"https:\/\/nunovalentim.com\/en\/project\/"},{"@type":"ListItem","position":3,"name":"Rehabilitation of Pal\u00e1cio da Bolsa"}]},{"@type":"WebSite","@id":"https:\/\/nunovalentim.com\/#website","url":"https:\/\/nunovalentim.com\/","name":"NUNO VALENTIM ARQUITECTURA","description":"Architectural strategies for complex realities. A Porto based atelier.","potentialAction":[{"@type":"SearchAction","target":{"@type":"EntryPoint","urlTemplate":"https:\/\/nunovalentim.com\/?s={search_term_string}"},"query-input":{"@type":"PropertyValueSpecification","valueRequired":true,"valueName":"search_term_string"}}],"inLanguage":"en-US"}]}},"_links":{"self":[{"href":"https:\/\/nunovalentim.com\/en\/wp-json\/wp\/v2\/projecto\/3747","targetHints":{"allow":["GET"]}}],"collection":[{"href":"https:\/\/nunovalentim.com\/en\/wp-json\/wp\/v2\/projecto"}],"about":[{"href":"https:\/\/nunovalentim.com\/en\/wp-json\/wp\/v2\/types\/projecto"}],"wp:featuredmedia":[{"embeddable":true,"href":"https:\/\/nunovalentim.com\/en\/wp-json\/wp\/v2\/media\/2221"}],"wp:attachment":[{"href":"https:\/\/nunovalentim.com\/en\/wp-json\/wp\/v2\/media?parent=3747"}],"wp:term":[{"taxonomy":"category","embeddable":true,"href":"https:\/\/nunovalentim.com\/en\/wp-json\/wp\/v2\/categories?post=3747"},{"taxonomy":"project_type","embeddable":true,"href":"https:\/\/nunovalentim.com\/en\/wp-json\/wp\/v2\/project_type?post=3747"}],"curies":[{"name":"wp","href":"https:\/\/api.w.org\/{rel}","templated":true}]}}

Rehabilitation of Palácio da Bolsa

<p>Rehabilitation of the roof of the Pátio das Nações of the Palácio da Bolsa&#8230;</p>
<p>The rehabilitation of the glazed roof of the Pátio das Nações is part of a wider rehabilitation operation of the roofs and façades of the Oporto Bolsa Palace, carried out by the Porto Trade Association in 2006/7. The Pátio das Nações occupies a central place in the organisation of the building.</p>
<p>This roof has suffered several interventions over time which, among other effects, have removed luminosity, made access/cleaning difficult and introduced dissonant elements.</p>
<p>The work carried out on the glazed roof was intended to provide Pátio das Nações with adequate luminosity and performance in terms of watertightness, solar control, ventilation and control of condensation. A manually or automatically controlled ventilation system was also installed in association with the roof ventilation/lighting panels, in order to control hygrothermal conditions and minimise the risk of condensation and overheating in summer.</p>

<p>Rehabilitation of the roof of the Pátio das Nações of the Palácio da Bolsa&#8230; The rehabilitation of the glazed roof of the Pátio das Nações is part of a wider rehabilitation operation of the roofs and façades of the Oporto Bolsa Palace, carried out by the Porto Trade Association in 2006/7. The Pátio das Nações [&hellip;]</p>

<!-- This site is optimized with the Yoast SEO plugin v28.2 - https://yoast.com/product/yoast-seo-wordpress/ -->
<title>Rehabilitation of Palácio da Bolsa - NUNO VALENTIM ARQUITECTURA</title>
<meta name="robots" content="index, follow, max-snippet:-1, max-image-preview:large, max-video-preview:-1" />
<link rel="canonical" href="https://nunovalentim.com/en/project/rehabilitation-of-palacio-da-bolsa/" />
<meta property="og:locale" content="en_US" />
<meta property="og:type" content="article" />
<meta property="og:title" content="Rehabilitation of Palácio da Bolsa - NUNO VALENTIM ARQUITECTURA" />
<meta property="og:description" content="Rehabilitation of the roof of the Pátio das Nações of the Palácio da Bolsa&#8230; The rehabilitation of the glazed roof of the Pátio das Nações is part of a wider rehabilitation operation of the roofs and façades of the Oporto Bolsa Palace, carried out by the Porto Trade Association in 2006/7. The Pátio das Nações [&hellip;]" />
<meta property="og:url" content="https://nunovalentim.com/en/project/rehabilitation-of-palacio-da-bolsa/" />
<meta property="og:site_name" content="NUNO VALENTIM ARQUITECTURA" />
<meta property="article:modified_time" content="2021-04-26T16:49:12+00:00" />
<meta property="og:image" content="https://nunovalentim.com/wp-content/uploads/2020/11/NunoValentim_Bolsa_LFA_20070510_06maquete121-156-5-scaled.jpg" />
	<meta property="og:image:width" content="2560" />
	<meta property="og:image:height" content="1707" />
	<meta property="og:image:type" content="image/jpeg" />
<meta name="twitter:card" content="summary_large_image" />
<meta name="twitter:label1" content="Est. reading time" />
	<meta name="twitter:data1" content="1 minute" />
<script type="application/ld+json" class="yoast-schema-graph">{"@context":"https:\/\/schema.org","@graph":[{"@type":"WebPage","@id":"https:\/\/nunovalentim.com\/en\/project\/rehabilitation-of-palacio-da-bolsa\/","url":"https:\/\/nunovalentim.com\/en\/project\/rehabilitation-of-palacio-da-bolsa\/","name":"Rehabilitation of Palácio da Bolsa - NUNO VALENTIM ARQUITECTURA","isPartOf":{"@id":"https:\/\/nunovalentim.com\/#website"},"primaryImageOfPage":{"@id":"https:\/\/nunovalentim.com\/en\/project\/rehabilitation-of-palacio-da-bolsa\/#primaryimage"},"image":{"@id":"https:\/\/nunovalentim.com\/en\/project\/rehabilitation-of-palacio-da-bolsa\/#primaryimage"},"thumbnailUrl":"https:\/\/nunovalentim.com\/wp-content\/uploads\/2020\/11\/NunoValentim_Bolsa_LFA_20070510_06maquete121-156-5-scaled.jpg","datePublished":"2021-04-26T16:49:11+00:00","dateModified":"2021-04-26T16:49:12+00:00","breadcrumb":{"@id":"https:\/\/nunovalentim.com\/en\/project\/rehabilitation-of-palacio-da-bolsa\/#breadcrumb"},"inLanguage":"en-US","potentialAction":[{"@type":"ReadAction","target":["https:\/\/nunovalentim.com\/en\/project\/rehabilitation-of-palacio-da-bolsa\/"]}]},{"@type":"ImageObject","inLanguage":"en-US","@id":"https:\/\/nunovalentim.com\/en\/project\/rehabilitation-of-palacio-da-bolsa\/#primaryimage","url":"https:\/\/nunovalentim.com\/wp-content\/uploads\/2020\/11\/NunoValentim_Bolsa_LFA_20070510_06maquete121-156-5-scaled.jpg","contentUrl":"https:\/\/nunovalentim.com\/wp-content\/uploads\/2020\/11\/NunoValentim_Bolsa_LFA_20070510_06maquete121-156-5-scaled.jpg","width":2560,"height":1707},{"@type":"BreadcrumbList","@id":"https:\/\/nunovalentim.com\/en\/project\/rehabilitation-of-palacio-da-bolsa\/#breadcrumb","itemListElement":[{"@type":"ListItem","position":1,"name":"Início","item":"https:\/\/nunovalentim.com\/en\/home\/"},{"@type":"ListItem","position":2,"name":"Projectos","item":"https:\/\/nunovalentim.com\/en\/project\/"},{"@type":"ListItem","position":3,"name":"Rehabilitation of Palácio da Bolsa"}]},{"@type":"WebSite","@id":"https:\/\/nunovalentim.com\/#website","url":"https:\/\/nunovalentim.com\/","name":"NUNO VALENTIM ARQUITECTURA","description":"Architectural strategies for complex realities. A Porto based atelier.","potentialAction":[{"@type":"SearchAction","target":{"@type":"EntryPoint","urlTemplate":"https:\/\/nunovalentim.com\/?s={search_term_string}"},"query-input":{"@type":"PropertyValueSpecification","valueRequired":true,"valueName":"search_term_string"}}],"inLanguage":"en-US"}]}</script>
<!-- / Yoast SEO plugin. -->

Rehabilitation of Palácio da Bolsa - NUNO VALENTIM ARQUITECTURA

Rehabilitation of the roof of the Pátio das Nações of the Palácio da Bolsa&#8230; The rehabilitation of the glazed roof of the Pátio das Nações is part of a wider rehabilitation operation of the roofs and façades of the Oporto Bolsa Palace, carried out by the Porto Trade Association in 2006/7. The Pátio das Nações [&hellip;]

Início
